p + 8*p**3. Calculate r(-1).
-6
Let c(y) = y**2 - 6*y - 13. Let o be c(8). Let l = -11 + 15. Let s(h) = -l - 2*h + 0*h + o*h + 0. Give s(7).
3
Let l(i) be the third derivative of i**6/120 - 11*i**5/60 + i**4/6 - 15*i**3/2 + 5417*i**2. What is l(11)?
-1
Let k be ((-42)/(-15) + -3)*-5. Suppose -4*y - 19 = -55. Let v(z) = 9*z - y*z**3 - 11*z + 1 + 2*z**3 + z**2 - 2*z**3. Give v(k).
-9
Let p(y) be the third derivative of y**5/20 + y**4/2 + 5*y**3/6 - 2682*y**2. Determine p(-5).
20
Suppose -2*o + 10 = 2*o + 5*m, -2*o - 4 = -2*m. Let u(t) = -8*t + 5 + o*t**2 + t**2 + 0*t**2 - 4. Let c be 4/((5 - 8)/(-6)). Calculate u(c).
1
Let z(s) = -22*s - 24. Let x(u) = 11*u - 3. Let h(w) = 3*x(w) + z(w). What is h(2)?
-11
Let m = 1152 + -1142. Let x(c) = -3*c + 21. Calculate x(m).
-9
Suppose -2 + 32 = 10*q. Suppose k = -5*i - 58, q*k - 39 - 15 = 4*i. Let r be i/(-14) - 1 - 75/(-35). Let u(x) = -4*x + 2. Give u(r).
-6
Let n(d) = -13*d**3 + 298*d**2 + 61*d + 99. Let x(t) = 4*t**3 - 94*t**2 - 20*t - 33. Let l(u) = 5*n(u) + 16*x(u). What is l(-13)?
-7
Let l be 78/520*-10*1/((-6)/28). Suppose 3*a - 5*a - 3*g = 9, 0 = -5*a - 3*g. Let b(i) = i**3 - 9*i**2 + i - a + l*i**2 + 0*i**2. Give b(3).
9
Let w(a) = a**3 - 4*a**2 - 7*a + 6. Suppose -16 = 35*v - 36*v. Suppose -2*z + d = 4*d + 3, -12 = z + 5*d. Suppose v - 31 = -z*y. Give w(y).
-4
Suppose -20*s + 16*s = 0. Let k be (-11 + 7 + -6)*(5 + s). Let b be ((k/(-1))/(-5))/2. Let p(a) = -a**2 - 6*a - 5. What is p(b)?
0
Suppose 0 = -4*o + 2*g + 28, -12*o + 5*o = 4*g - 34. Let f(n) = -9*n + 42. Determine f(o).
-12
Let x(c) = -5*c + 13. Suppose -4*a + 95 - 79 = 0. Determine x(a).
-7
Let k(m) = m**3 + 11*m**2 + 6*m - 1. Let j be 1 + ((-1)/4)/(27/1188). Calculate k(j).
39
Let o be ((-2)/4)/(6/12)*-1. Let h(k) = 16 - 4*k**3 + o - 12*k**2 + 0*k**3 + 3*k**3 + k. Calculate h(-12).
5
Let k(a) = -22*a - 18. Let w(o) = -26*o + 2. Let r(c) = -24*c - 2. Let t(i) = 5*r(i) - 4*w(i). Let z(b) = -3*k(b) + 4*t(b). Determine z(8).
-2
Let w(q) = 1773 - 5331 + 3*q + 1777 + 1777. Give w(-6).
-22
Suppose 2*y = 4*b + 44, -4*b - 46 - 10 = -3*y. Suppose y = x - 3*x. Let o(d) = d**3 + 7*d**2 + 6*d + 1. Determine o(x).
1
Let i = 46 + -39. Suppose 19 = 3*a + i. Suppose -u + a*u = 3. Let z(q) = 8*q**2 + 2*q - 1. What is z(u)?
9
Let p = 61 - 59. Let w(g) = 0*g**2 - 1 + 3*g**p - 7*g**2 + 5*g**2 + g. Let c = 10 - 13. Determine w(c).
5
Let k(y) = 28*y + 4200 - 2169 - 2144. Calculate k(4).
-1
Let p be -46 + 15 + 18 - -32. Let o(r) = -3*r + 22. Determine o(p).
-35
Let i(f) = f**2 - 8*f + 20. Let m = -369 + 375. Calculate i(m).
8
Let q(p) = p**3 + 16*p**2 + 30*p + 3. Let a be (-44)/(-6) + 6272/(-294). Determine q(a).
-25
Let q(c) be the first derivative of -c**3 + 3*c**2 - 8*c + 2691. Calculate q(4).
-32
Let c(a) = -7 + 3*a**3 - 4*a + 5*a - 4*a**3 + 4*a - 5*a**2. Suppose -38 = 5*n - 37*p + 41*p, 0 = 3*n + 5*p + 28. Give c(n).
-1
Suppose 16*z + 49 = 161. Let r = -2 - -5. Let j(t) = 320*t**2 + t - 6 + 0 - t**r - 313*t**2. What is j(z)?
1
Let h(u) = -67*u**2 - 4 + 5*u**2 - 46392*u + 46395*u. Give h(1).
-63
Let v(h) be the first derivative of 0*h + 1/2*h**2 - 138 - 13/4*h**4 + 0*h**3. Give v(1).
-12
Let y(q) = q**2 - 12*q - 9. Let b(i) = 165*i + 7. Let f be b(2). Let o = 350 - f. Calculate y(o).
4
Let b(y) = 11*y**3 + 2*y - 8014*y**2 - 2*y**3 + 8015*y**2 - 9*y + 1 + 5*y. Suppose 0 = -g + 1 - 0. Calculate b(g).
9
Let h(x) = -x + 12. Let b = 5997 + -5997. Determine h(b).
12
Let y(x) = 5*x + 35. Let g be y(-8). Let q(n) = 2*n + 15. Let t be q(-7). Let b(j) = 4 + 0 - t - 2*j - 5. Determine b(g).
8
Let t(h) be the first derivative of h**4/4 - h**2/2 - 16*h + 865. Give t(0).
-16
Let h(z) = z**3 - 2*z**2 + z + 6. Suppose 127*g - 2 = -2. Give h(g).
6
Let h(r) = -499338 + 167*r + 499336 - 168*r. Suppose -f + 12 = 3*f. Suppose -5*m = -d + 6*d + 55, 3*m - f*d + 9 = 0. What is h(m)?
5
Let b(g) = 6*g - 2. Let p be b(-1). Let o(s) = 5689 - 2*s - 5689. Give o(p).
16
Let n = -3400 + 3412. Let z(j) = j**3 - 15*j**2 + 38*j - 22. Calculate z(n).
2
Let x(k) be the third derivative of 0*k + 109*k**2 + 0 - 1/2*k**4 + 3/2*k**3 + 1/60*k**5. What is x(11)?
-2
Let m(u) = -u**3 + 9*u**2 + 9*u + 10. Let i = 1272 + -1262. What is m(i)?
0
Suppose 5*f - 28 = -2*j, -30*j = -24*j - 5*f + 76. Let n(p) be the first derivative of p**2/2 + p - 1. Determine n(j).
-5
Let l be (-21)/49 - (-2 + -22*5/(-70)). Let y(r) = -r**2 - 2*r + 31. Calculate y(l).
31
Suppose -4*l + 36 = 2*w + 10, -2*l + 5*w + 7 = 0. Let v be l/10 - -7*66/(-70). Let d(a) = a**3 + 6*a**2 - 2*a - 14. Calculate d(v).
-2
Let x(r) be the second derivative of -r**4/12 + r**2/2 + r. Let o be 4/(-18) - (672/(-27))/4. Suppose -u - 3*z - 18 = 0, -z + o = -4*u - 1. What is x(u)?
-8
Let m be (13 - 18) + 12*8/12. Suppose -4*b - 5*l = b + 10, 5*l = -25. Let f(c) = 0 + 1 - 2*c**2 - 22*c**m + 29*c**b. What is f(1)?
6
Let c(w) = 3*w**3 - 2*w**2 + 2*w - 2. Let y(o) = -10*o**3 + 5*o**2 - 6*o + 6. Let a(z) = -7*c(z) - 2*y(z). Let b(u) = -4*u + 76. Let h be b(18). Give a(h).
-6
Let o(s) = s**3 + 5*s**2 + 5*s. Suppose 3*j + 0*k - 4*k = -1263, -4*j + 2*k = 1684. Let l = j - -417. What is o(l)?
-4
Let q(y) be the second derivative of y**6/360 + y**5/20 + 5*y**4/24 - 21*y**3/2 - 51*y. Let r(x) be the second derivative of q(x). Calculate r(-4).
-3
Let s(w) = 3*w - 23. Let j(y) = -y + 8. Suppose -3*a + 3 = -2*a - 4*l, -l - 39 = 2*a. Let m be 4/(-1) + a + 10. Let x(c) = m*j(c) - 4*s(c). What is x(2)?
2
Let j(s) = s**2 - 6*s - 7. Suppose 0*v + 3*m = 2*v - 13, -3*v - 5*m = 9. Suppose 0 = -4*h + v*h + 4*r - 70, -r = 1. Let z = -32 - h. Give j(z).
-12
Let w = 2 + -6. Let g(f) = -97*f - 380. Let h be g(-4). Let x be (15/h)/((-9)/6)*w. Let c(a) = -a**3 + 4*a**2 + 4*a - 6. What is c(x)?
-11
Let z(h) = -158*h - 310. Let o be z(-2). Let s(w) = 2*w**2 - 14*w + 14. Calculate s(o).
2
Let h(q) = -2*q - 3*q + 3*q + 2198 - 3*q - 2129. Give h(14).
-1
Let c(y) = 2*y**3 + 31*y**2 - 17*y - 2. Let n = 9430 + -9446. Give c(n).
14
Let a(j) = -13*j**3 - 11*j**2 + 3*j - 6. Let m(z) = 59*z**3 + 47*z**2 - 10*z + 25. Let w(r) = -9*a(r) - 2*m(r). Suppose -i = -1 - 3. Determine w(i).
-8
Suppose -5*z + 8 = 4*b - 8, -3*z = -2*b + 8. Suppose -b*q = a - 5*a - 4, -4*a - 34 = 2*q. Let t(o) = -o**2 - 8*o - 6. Give t(a).
6
Let d(y) = y**3 - 18*y**2 - 21*y + 40. Let i be (38/(-7))/((-2)/7). Give d(i).
2
Let n(f) = -f**2 - 8*f + 4. Let y(j) = -2*j**2 - 8*j + 5. Let z(c) = 2*n(c) - 3*y(c). Let l be z(1). Let k(u) = -u**2 + 2*u - 1. What is k(l)?
-16
Let g(b) be the third derivative of b**6/60 - 13*b**5/30 - 7*b**4/6 - 5*b**3 - 2611*b**2. Give g(14).
-30
Let b(p) = p**3 + 11*p**2 + 7*p + 7. Let x = -2893 + 2883. Determine b(x).
37
Let t(v) be the third derivative of v**6/120 - v**5/60 + v**4/24 + v**3/3 - 22233*v**2. Let d be ((-6)/15)/((-1)/5). Determine t(d).
8
Let d(u) = 23*u**2 + 11*u**3 + 22*u + 13*u**3 + 57 - 62*u**3 + 37*u**3. Determine d(24).
9
Let f(d) = 13481*d + 146 - 26944*d + 13464*d. Determine f(0).
146
Let w(b) = -b**2 + 5*b - 6. Let h(z) = z**3 - 7*z**2 - 19*z + 5. Let g be h(9). Let r be g - -5 - (-2 - 1). What is w(r)?
-2
Let w = -61 + 52. Let m = -21 - w. Let i be 3/(-4)*2*16/m. Let r(u) = -u**2 + 3*u - 1. Give r(i).
1
Suppose 3*a - 405 = -0*a. Suppose 3*h - a = -2*h - q, 5*h - 135 = -5*q. Suppose -h = 5*k + 8. Let d(u) = u**3 + 7*u**2 - 5. Determine d(k).
-5
Let n(d) be the third derivative of -d**4/6 - d**3/6 + d**2. Let p(s) = -2*s**2 - 14*s + 15. Let i be (24/(-15))/(3*(-4)/(-60)). Let z be p(i). What is n(z)?
3
Let f = -1663 + 1668. Let q(s) be the first derivative of 4*s**3/3 - 11*s**2 + 3*s + 1. Let y be q(f). Let n(c) = -c - 1. Determine n(y).
6
Let g(a) = a**2 + 2*a + 2. Let l be g(0). Suppose -n = 9 - l. Let u(i) = -2*i - 5 - 6 + 5. Determine u(n).
8
Let f(h) = -h**2 - 6*h + 4. Let d = 61 - 20. Let r be d - 43 - (1 + -1 - -3). Calculate f(r).
9
Suppose 0*g - 5 = g, n - 5*g = 45. Suppose 4*u - 4 = -n, i - u = 4. Let a(j) = -9 - 2 + 1 - j + 5. Give a(i).
-5
Let x be -9 + (-341)/(-44) + (-14)/8. Let q(r) = -39*r - 108. Give q(x).
9
Let t(w) = -w**3 - 3*w**2 + 2*w + 2. Suppose 12*v + 307 = -485. Let i = 62 + v. Calculate t(i).
10
Let j(x) = x**3 - 7*x**2 + 49*x - 255. Let g be j(6). Let r(y) be the second derivative of -y**2 + 0 + 1/6*y**g + 49*y. What is r(5)?
3
Let c(y) =